. Suppose 0 = -5*m + 692 + i. Is m a composite number?
True
Let a(j) = j - 9. Let k be a(14). Suppose 2493 = -k*p - 3097. Is p/4*2/(-1) prime?
False
Let p(t) = -271*t**3 + 4*t**2 + 4*t + 2. Let c be p(-2). Suppose 0*r - r = 3*q - 3287, 0 = 2*q + 4*r - c. Is q prime?
True
Suppose -5*h = 12*h - 18955. Is h a prime number?
False
Let k(v) = 11*v + 6*v + 6*v**2 - 4 - 18*v. Let d be k(2). Suppose -d*x + 188 = -16*x. Is x composite?
True
Suppose -30*h = -20925 - 16725. Is h prime?
False
Let y be 75*(24/5)/(-2). Let v be 61*(-8)/(-12)*-3. Let o = v - y. Is o a prime number?
False
Suppose 8*l - 3*l = -20, 4*v + 5*l + 12 = 0. Is (-1)/(-1)*(v + 199) prime?
False
Suppose -g + 192339 = 4*k, 9*k + 144233 = 12*k + 5*g. Is k prime?
False
Let y(w) = 1004*w**2 - 14*w + 13. Is y(-3) prime?
True
Let b be (-52)/(-10) - 8/40. Suppose -3*i + 3*w + 450 = 0, -i + b*w + 303 = i. Is i prime?
True
Suppose 2*h + 98 + 90 = 3*f, -5*h - f - 436 = 0. Let n = 383 + h. Is n a prime number?
False
Let v(c) be the first derivative of 12*c**2 + 3*c - 1. Let m = 5 + -3. Is v(m) prime?
False
Is (-2261)/(-6) - 5/((-60)/2) a prime number?
False
Let y(z) = 1508*z**2 - 5*z - 7. Let s be y(-2). Suppose -s - 543 = -2*o - 4*j, 5*j + 9878 = 3*o. Is o a prime number?
False
Let p(d) = -d**3 - d**2 + 7*d - 2. Suppose 10 = -3*n - 8. Let i be p(n). Suppose i = 4*t - 220. Is t composite?
False
Suppose 100*n - 346956 = 97*n - x, 4*x = -2*n + 231314. Is n prime?
False
Suppose -4*m = 3*m + 37303. Let l = m + 9378. Is l a composite number?
False
Let k(t) = -t + 16. Let f(r) = 2*r**2 - 2*r - 1. Let c be f(-2). Let p be k(c). Suppose 9*w - 1148 = p*w. Is w prime?
False
Let b be (-2)/(-4) - (-10)/4. Suppose -5*r + 6276 = b*d, 6*r - 3758 = 3*r + 2*d. Is (-12)/(-3) + r/2 a composite number?
False
Suppose m - 29 = -4*k + 4*m, 34 = 5*k - 3*m. Suppose -3*f + 4*f - 2400 = -k*z, -4*z = -3*f - 1939. Is z composite?
True
Suppose 3*n = n - 4*m - 18, m = -2*n - 9. Is n/28*-4 - 726/(-21) prime?
False
Suppose -5*i + 3*i = -3*b - 111, -64 = 2*b + 2*i. Let j be (-1 - -2)/1 + 83. Let h = j + b. Is h a prime number?
False
Let a(j) = -j**2 - 7*j + 26. Let g be a(-16). Let f(x) = -66*x - 3. Let q be f(3). Let k = g - q. Is k prime?
True
Let g(a) = 15*a**3 - 7*a**2 - 2*a + 3. Is g(7) a composite number?
True
Let d(c) = c**2 - 7*c - 7. Let v be d(8). Suppose -f - 6*o + 3*o = -v, -3*o = 3. Is f*2/((-12)/(-33)) composite?
True
Suppose -4*f + 10*d = 13*d - 33673, -5*f + 42135 = -5*d. Is f prime?
False
Let l = 779 - 313. Suppose 4*x = 2*p - l, -2*x + 216 = p - 25. Suppose -3*f + p = -0*f. Is f prime?
True
Suppose 0 = -3*f + 2*y + 40739, -3*y + 31669 = 3*f - 9065. Is f a composite number?
True
Let v(n) = 30*n**2 + 10*n - 3. Let q = -103 + 108. Is v(q) prime?
True
Suppose -n - 5*z + 30 = 3*n, -14 = -2*n - 3*z. Suppose 59 = a + n. Suppose y - 3*x = a, 2*y + 5*x - 120 = -0*y. Is y prime?
False
Let z = 5 + -1. Suppose z*t = 1 + 7. Is 1*t/(-2) + 23 a prime number?
False
Suppose 39*k - 41*k - 6848 = -2*c, 0 = -5*c + 3*k + 17110. Is c a prime number?
False
Suppose -6 + 48 = 3*r. Let b(a) = -5*a + 80. Let z be b(11). Let u = z - r. Is u composite?
False
Let o(f) be the third derivative of 11*f**5/60 + f**4/24 + 7*f**3/6 - 2*f**2. Is o(-6) prime?
True
Suppose -3*y - 2*w - 6 = y, -5*y + 2*w + 6 = 0. Is 1*-739*(-1 - y) a composite number?
False
Let y(s) = 7*s**2 - 17*s - 9. Let r(m) = -6*m - 14. Let k be r(-4). Is y(k) composite?
False
Suppose -18*u = -198705 - 102813. Is u a composite number?
True
Let c(q) = 421*q**2 - 8*q - 7. Let k be c(-3). Suppose 5*z + k = 7*z. Is z a composite number?
True
Is (2/(-6))/(9/(-157869)*3) a prime number?
True
Suppose 0 = -x + 3, 8 = p - 4*x + 18. Suppose -p*n = t - 451, t + 4*t + 3*n = 2248. Is t a prime number?
True
Let g = 61 + -53. Is ((-596)/(-6))/(g/12) a prime number?
True
Suppose 7*x - 3*x - 8 = 0. Suppose 1380 = x*o - 218. Is o a composite number?
True
Let y = 47 + -38. Let t = 794 + y. Is t prime?
False
Suppose 0 = -2*b + 4*q - 2*q - 6, -4 = 4*q. Is b/(-18) + ((-336868)/36)/(-7) composite?
True
Let n = 31 + -26. Suppose -3*o = 3*v - 438, v - 5*v + n*o = -611. Is v prime?
True
Let w(m) = -3*m + 5. Let l be w(0). Suppose -3*v + l*v = 48. Suppose 29*r = v*r + 1765. Is r composite?
False
Let h = 40834 - -8257. Is h a composite number?
True
Is (393/6)/(((-63)/14)/(-9)) a composite number?
False
Suppose 4134 = 11*r - 12388. Is r a composite number?
True
Let o = -36 - -52. Suppose 15*q - o*q + 689 = 0. Suppose 5*l - q - 90 = -3*i, -2*l + 5*i + 324 = 0. Is l a prime number?
True
Let p(o) = 2*o + 14. Let g be p(-5). Suppose -g*u + 1669 = -1447. Is u prime?
False
Let a(c) = -32*c**2 - 2*c + 5. Let m be a(-7). Let f = -728 - m. Is f a prime number?
True
Let d(b) = 39*b**2 - 12*b + 12. Let r(z) = z**2 + z + 1. Let u(m) = 21*m**2 - 13*m + 3. Let a(w) = -5*r(w) - u(w). Let i(q) = 7*a(q) + 5*d(q). Is i(3) prime?
True
Suppose 4*f - 14 = -3*j + 28, 5*j = -10. Let k(b) = f*b**2 + 9*b**2 - 1 + 13*b**2 + 2*b**2. Is k(-2) prime?
False
Let w = 334 - -11017. Is w a composite number?
False
Let w = 0 + 5. Suppose -w*s + 2935 = -0*s. Is s a prime number?
True
Let b = -11197 - -16470. Is b a composite number?
False
Let h(q) = 2*q + 50. Let t be h(-25). Suppose -5*z = 3*f - 3323, -683 = -t*z - z + 4*f. Is z a composite number?
True
Let x be 2*(2 + -4) + 13. Let v be (1/3)/(1/x). Suppose -v*c + 5*n + 87 = -256, -4 = -n. Is c composite?
True
Suppose 3*o - 7*o = -16. Suppose -4*g + o + 4 = 0. Suppose -4*n = g*b - 5*n - 614, 5*b - 4*n - 1535 = 0. Is b a composite number?
False
Suppose -5*q + 21 = u, -5*q + 24 - 7 = 2*u. Let x(r) = 8*r - 2*r + 6 - r. Is x(q) a composite number?
False
Let q(w) = 186*w**2 - 23*w - 27. Is q(-10) a prime number?
True
Let p be 1 + (2/6 - 3/9). Is (((-3603)/(-5))/((-8)/(-40)))/p a prime number?
False
Suppose -5*o = 2*t - 4*o - 39617, 2*o - 59423 = -3*t. Is t a prime number?
False
Let y(z) = 189*z**3 - 5*z**2 + 10*z - 37. Is y(5) a composite number?
True
Suppose -1303 = -2*x - 285. Let v = 546 + x. Is v a prime number?
False
Suppose -6*b - 3*b = -765. Is b a composite number?
True
Suppose 0*d = g + 4*d - 864, -5*d - 1715 = -2*g. Let q = g - -1383. Is q composite?
False
Is (3 + 5)/(-4) + 16275 a composite number?
False
Let y(h) = 3*h**2 - 12*h - 6. Let l be y(-8). Let f be 5*3*l/45. Let d = f - -199. Is d a prime number?
True
Let b = 7 + 20. Suppose 22*c - b*c = -1015. Is c a composite number?
True
Suppose 4*h - 58368 = k, k - 2*k = h - 14587. Is h a prime number?
True
Let p(r) = r**2 - 3*r + 7. Let i be p(2). Suppose 2107 = 4*v + i*l, 2*v + v - 1557 = 4*l. Is v composite?
False
Suppose 2*d - 4*d + 4 = 0. Let v(f) = 2*f**2 - 4*f + 2. Let b be v(d). Suppose b*r - 43 = -s, -2*s = -5*s - 5*r + 131. Is s prime?
True
Let o be (-46684)/12 - (-4)/(-6). Let v = 505 - o. Suppose 0*x = -4*x + v. Is x composite?
True
Suppose -y - 77 = -x - 20, 213 = -4*y + x. Suppose -3*w - 2*w = 270. Is y/(-6)*w/(-12) a prime number?
False
Suppose 156 = -5*t - t. Let n = 183 - t. Is n prime?
False
Suppose -x + 4 = -0*x. Is (6/x)/((-3)/(-44)) a composite number?
True
Let l(m) = -3*m - 1. Let r be l(5). Let y = r - -10. Is 0*3/y + 67 composite?
False
Let s(l) = 3*l**2 + 16*l + 7. Let k(x) = -x - 11. Let f be k(-16). Suppose 13 = -f*q - 17. Is s(q) a prime number?
True
Let i(u) = 221*u**3 + u**2 + 1. Let k(h) = 2*h - 15. Let j be k(8). Is i(j) composite?
False
Let s = -104 - -105. Is 1500 + (-2)/(-1) - s a composite number?
True
Let n(i) = i - 11. Let o(l) = l**2 + 12*l + 16. Let v be o(-11). Let w be n(v). Let k(c) = -c**3 + c**2 + 7*c + 1. Is k(w) composite?
False
Let h(v) = 80*v**3 + v**2 - 49*v - 7. Is h(11) a prime number?
False
Suppose -19408 = -13*h - 3*h. Is h prime?
True
Let a(o) = 35*o - 3. Let z(m) = -m**3 - 5*m**2 - 5*m + 4. Let w be z(-4). Suppose -w*l + 5*l = -6. Is a(l) a composite number?
False
Suppose 0 = -43*f + 42*f - 6. Is (f - -6) + (-439)/(-1) a composite number?
False
Let o be (0 - -2)*(-26)/(-4). Is (-4)/26 - (-769)/o a prime number?
True
Suppose -5*j = a - 43888, -a + 35111 = 4*j - 0*a. Is j a composite number?
True
Suppose 0 = q - 3*m - 8510, 4*m + 3645 = q - 4868. Is q prime?
True
Let u = -2292 + 4699. Is u prime?
False
Suppose -z + 0*z = -1, -4*f + z + 13963 = 0. Is f composite?
False
Suppose 101*r -